{"id":438,"date":"2019-04-23T12:07:28","date_gmt":"2019-04-23T10:07:28","guid":{"rendered":"http:\/\/n.itotech.it\/?post_type=product&#038;p=438"},"modified":"2019-12-04T16:03:52","modified_gmt":"2019-12-04T15:03:52","slug":"acs-acr122u-lettore-smart-contactless-rfid","status":"publish","type":"product","link":"https:\/\/www.itotech.it\/index.php\/prodotto\/acs-acr122u-lettore-smart-contactless-rfid","title":{"rendered":"ACS ACR122U- Lettore Smart Contactless RFID"},"content":{"rendered":"<table style=\"height: 274px;\" border=\"0\" width=\"776\" cellspacing=\"0\" cellpadding=\"0\">\n<tbody>\n<tr>\n<td class=\"label\">Marchio<\/td>\n<td class=\"value\">acs<\/td>\n<\/tr>\n<tr class=\"size-weight\">\n<td class=\"label\">Peso articolo<\/td>\n<td class=\"value\">99,8 g<\/td>\n<\/tr>\n<tr class=\"size-weight\">\n<td class=\"label\">Dimensioni prodotto<\/td>\n<td class=\"value\">1 x 1 x 1 cm<\/td>\n<\/tr>\n<tr class=\"item-model-number\">\n<td class=\"label\">Riferimento produttore<\/td>\n<td class=\"value\">Sonew3mw6covs7u<\/td>\n<\/tr>\n<tr>\n<td class=\"label\">Codice articolo<\/td>\n<td class=\"value\">Sonew3mw6covs7u<\/td>\n<\/tr>\n<tr>\n<td class=\"label\">Peso<\/td>\n<td class=\"value\">99.8 grammi<\/td>\n<\/tr>\n<tr>\n<td class=\"label\">Materiale<\/td>\n<td class=\"value\">Material<\/td>\n<\/tr>\n<tr>\n<td class=\"label\">Finitura<\/td>\n<td class=\"value\">Finish<\/td>\n<\/tr>\n<tr>\n<td class=\"label\">Elementi inclusi<\/td>\n<td class=\"value\">inc<\/td>\n<\/tr>\n<tr>\n<td class=\"label\">Voltaggio<\/td>\n<td class=\"value\">1 volt<\/td>\n<\/tr>\n<tr>\n<td class=\"label\">Tipo di presa e di alimentazione<\/td>\n<td class=\"value\">PowerSource<\/td>\n<\/tr>\n<tr>\n<td class=\"label\">Batterie\/Pile incluse?<\/td>\n<td class=\"value\">No<\/td>\n<\/tr>\n<tr>\n<td class=\"label\">Batterie\/Pile necessarie?<\/td>\n<td class=\"value\">No<\/td>\n<\/tr>\n<\/tbody>\n<\/table>\n","protected":false},"excerpt":{"rendered":"<ul class=\"a-unordered-list a-vertical a-spacing-none\">\n<li><span class=\"a-list-item\">\u00a0Compatibile con CCID. PC \/ SC-compliant. Velocit\u00e0 di lettura \/ scrittura fino a 424 kbps. Antenna integrata per l&#8217;accesso senza contatto delle etichette, con distanza di lettura della carta fino a 50 mm (a seconda del tipo di etichetta).<\/span><\/li>\n<li><span class=\"a-list-item\">\u00a0Supporta ISO 14443 Tipo A e B, Mifare, FeliCa e tutti i 4 tipi di tag NFC (ISO \/ IEC 18092).<\/span><\/li>\n<li><span class=\"a-list-item\">\u00a0Supporta nuovo Mifare Ultralight C (tramite APDU pseudo) e Mifare Plus SL1 (UID 4 byte, tramite APDUS pseudo) e SL3.<\/span><\/li>\n<li><span class=\"a-list-item\">\u00a0Supporta tutte le 3 modalit\u00e0 di NFC: lettore, emulazione di carte e modalit\u00e0 peer-to-peer. Funzione anti-collisione integrata (viene rilevata almeno una carta quando vengono presentate pi\u00f9 carte). USB PnP. LED bicolore controllabile dall&#8217;utente.<\/span><\/li>\n<li><span class=\"a-list-item\">\u00a0Adatto per home banking e acquisti a domicilio, E-commerce, Controllo dell&#8217;equilibrio di portamonete elettroniche, Controllo dell&#8217;accesso alla rete, Programma di fidelizzazione del cliente, Identificazione e autenticazione, Ticketing, Gioco online, Parcheggio e riscossione di pedaggi, Raccolta automatica di tariffe, Terminali di trasporto pubblico, Controllo di accesso fisico, presenza di tempo Distributori automatici, telefoni pubblici senza contatto, logistica e gestione della supply chain<\/span><\/li>\n<\/ul>\n","protected":false},"featured_media":514,"template":"","meta":[],"product_brand":[],"product_cat":[38,39],"product_tag":[],"class_list":{"0":"post-438","1":"product","2":"type-product","3":"status-publish","4":"has-post-thumbnail","6":"product_cat-lettore_nfc","7":"product_cat-lettori","9":"first","10":"instock","11":"shipping-taxable","12":"product-type-simple"},"_links":{"self":[{"href":"https:\/\/www.itotech.it\/index.php\/wp-json\/wp\/v2\/product\/438","targetHints":{"allow":["GET"]}}],"collection":[{"href":"https:\/\/www.itotech.it\/index.php\/wp-json\/wp\/v2\/product"}],"about":[{"href":"https:\/\/www.itotech.it\/index.php\/wp-json\/wp\/v2\/types\/product"}],"version-history":[{"count":1,"href":"https:\/\/www.itotech.it\/index.php\/wp-json\/wp\/v2\/product\/438\/revisions"}],"predecessor-version":[{"id":516,"href":"https:\/\/www.itotech.it\/index.php\/wp-json\/wp\/v2\/product\/438\/revisions\/516"}],"wp:featuredmedia":[{"embeddable":true,"href":"https:\/\/www.itotech.it\/index.php\/wp-json\/wp\/v2\/media\/514"}],"wp:attachment":[{"href":"https:\/\/www.itotech.it\/index.php\/wp-json\/wp\/v2\/media?parent=438"}],"wp:term":[{"taxonomy":"product_brand","embeddable":true,"href":"https:\/\/www.itotech.it\/index.php\/wp-json\/wp\/v2\/product_brand?post=438"},{"taxonomy":"product_cat","embeddable":true,"href":"https:\/\/www.itotech.it\/index.php\/wp-json\/wp\/v2\/product_cat?post=438"},{"taxonomy":"product_tag","embeddable":true,"href":"https:\/\/www.itotech.it\/index.php\/wp-json\/wp\/v2\/product_tag?post=438"}],"curies":[{"name":"wp","href":"https:\/\/api.w.org\/{rel}","templated":true}]}}