{"id":3,"date":"2019-04-22T10:29:13","date_gmt":"2019-04-22T08:29:13","guid":{"rendered":"http:\/\/n.itotech.it\/?page_id=3"},"modified":"2023-11-22T09:49:29","modified_gmt":"2023-11-22T08:49:29","slug":"privacy-policy","status":"publish","type":"page","link":"https:\/\/www.itotech.it\/index.php\/privacy-policy\/","title":{"rendered":"Privacy"},"content":{"rendered":"\t\t<div data-elementor-type=\"wp-page\" data-elementor-id=\"3\" class=\"elementor elementor-3\">\n\t\t\t\t\t\t<section class=\"elementor-section elementor-top-section elementor-element elementor-element-51be75e2 elementor-section-boxed elementor-section-height-default elementor-section-height-default\" data-id=\"51be75e2\" data-element_type=\"section\">\n\t\t\t\t\t\t<div class=\"elementor-container elementor-column-gap-default\">\n\t\t\t\t\t<div class=\"elementor-column elementor-col-100 elementor-top-column elementor-element elementor-element-12ec7d6b\" data-id=\"12ec7d6b\" data-element_type=\"column\">\n\t\t\t<div class=\"elementor-widget-wrap elementor-element-populated\">\n\t\t\t\t\t\t<div class=\"elementor-element elementor-element-3966b1d4 elementor-widget elementor-widget-text-editor\" data-id=\"3966b1d4\" data-element_type=\"widget\" data-widget_type=\"text-editor.default\">\n\t\t\t\t<div class=\"elementor-widget-container\">\n\t\t\t\t\t\t\t\t\t<p><strong>Privacy Policy<\/strong><\/p>\n<p>ITO SRL (qui di seguito solo \u201c<strong>Titolare<\/strong>\u201d), in qualit\u00e0 di titolare del trattamento dei dati personali ai sensi della normativa italiana applicabile pro tempore in materia di protezione dei dati personali e del Regolamento UE 679\/2016\u2013 Regolamento Generale sulla Protezione dei Dati (\u201cRGPD\u201d) tutela la riservatezza dei Dati personali e garantisce le misure tecniche e organizzative adeguate ed efficaci tenuto conto della natura, dell\u2019ambito di applicazione, del contesto e delle finalit\u00e0 del trattamento, nonch\u00e9 del rischio per i diritti e le libert\u00e0 delle persone fisiche.\u00a0<\/p>\n<p>Prima di comunicare qualsiasi dato personale, il Titolare ti invita a leggere con attenzione il presente documento,\u00a0poich\u00e9 contiene informazioni importanti sulla tutela dei tuoi dati personali e sulle misure di sicurezza adottate per garantirne la riservatezza nel pieno rispetto della normativa applicabile. La presente Privacy Policy, inoltre:<\/p>\n<ul>\n<li>si intende resa solo per il sito itotech.it mentre non si applica ad altri siti web eventualmente consultati tramite link esterni;<\/li>\n<li>\u00e8 da intendersi quale Informativa resa ai sensi dell\u2019art. 13 della normativa applicabile a coloro che interagiscono con il Sito;<\/li>\n<li>si conforma alla Raccomandazione n. 2\/2001 relativa ai requisiti minimi per la raccolta di dati on-line nell\u2019Unione Europea, adottata il 17 maggio 2001 dal Gruppo di Lavoro Articolo 29.<\/li>\n<\/ul>\n<p>***<\/p>\n<p>Il Titolare ti informa che il trattamento dei tuoi dati personali sar\u00e0 improntato ai principi di liceit\u00e0, correttezza, trasparenza, limitazione delle finalit\u00e0 e della conservazione, minimizzazione dei dati, esattezza, integrit\u00e0 e riservatezza. I tuoi dati personali\u00a0verranno pertanto trattati in accordo alle disposizioni legislative della normativa applicabile e degli obblighi di riservatezza ivi previsti.<\/p>\n<ol>\n<li><strong><u>Titolare<\/u><\/strong><\/li>\n<\/ol>\n<p>Alla luce della normativa applicabile, Titolare del trattamento del Sito \u00e8 ITO SRL come pi\u00f9 sopra definita.\u00a0<\/p>\n<ol start=\"2\">\n<li><strong><u>Dati personali oggetto di trattamento<\/u><\/strong><\/li>\n<\/ol>\n<p>Per \u201c<strong>Dati Personali<\/strong>\u201d si intende qualsiasi informazione riguardante una persona fisica identificata o identificabile con particolare riferimento a un identificativo come il nome, un numero di identificazione, dati relativi all\u2019ubicazione, un identificativo online o a uno o pi\u00f9 elementi caratteristici della sua identit\u00e0 fisica, fisiologica, psichica, economica, culturale o sociale.<\/p>\n<p>I dati personali raccolti dal Sito sono i seguenti:<\/p>\n<ol>\n<li>Dati di navigazione<\/li>\n<\/ol>\n<p>I sistemi informatici del Sito raccolgono alcuni dati personali la cui trasmissione \u00e8 implicita nell\u2019uso dei protocolli di comunicazione di Internet. I dati raccolti, tuttavia, non permettono l\u2019identificazione dell\u2019interessato, in quanto trattasi di dati aggregati a solo scopo statistico e di analisi delle visite (posizione geografica, tipo di device da cui si accede, tempo di permanenza per singole pagine, etc.). In nessun caso i suddetti dati saranno incrociati con altri dati con la finalit\u00e0 di identificare i singoli utenti.\u00a0<\/p>\n<ol start=\"2\">\n<li>\u00a0 Dati forniti volontariamente<\/li>\n<\/ol>\n<p>Attraverso il Sito hai la possibilit\u00e0 di fornire volontariamente dati personali come il nome, l\u2019indirizzo e-mail o il numero di cellulare per l\u2019iscrizione al servizio di newsletter, per contattare il Titolare attraverso il form \u201cContatti\u201d. Il Titolare tratter\u00e0 questi dati nel rispetto della normativa applicabile, assumendo che siano riferiti a te o a terzi soggetti che ti hanno espressamente autorizzato a conferirli in base ad un\u2019idonea base giuridica che legittima il trattamento dei dati in questione. Rispetto a tali ipotesi, ti poni come autonomo titolare del trattamento, assumendoti tutti gli obblighi e le responsabilit\u00e0 di legge. In tal senso, conferisci sul punto la pi\u00f9 ampia manleva rispetto ad ogni contestazione, pretesa, richiesta di risarcimento del danno da trattamento, etc. che dovesse pervenire al Titolare da terzi soggetti i cui dati personali siano stati trattati attraverso il tuo utilizzo del Sito in violazione della normativa applicabile.<\/p>\n<ol start=\"3\">\n<li><strong><u>Cookie e tecnologie affini<\/u><\/strong><\/li>\n<\/ol>\n<p>Il Titolare raccoglie dati personali attraverso cookie. Maggiori informazioni sull\u2019uso dei cookie e tecnologie affini sono disponibili\u00a0qui (metti link alla cookie policy).<\/p>\n<ol start=\"4\">\n<li><strong><u>Finalit\u00e0, base giuridica o natura obbligatoria o facoltativa del trattamento<\/u><\/strong><\/li>\n<\/ol>\n<p>I dati personali che fornisci attraverso il Sito saranno trattati dal Titolare per le seguenti finalit\u00e0: 1. utilizzo di dati personali e di recapiti, sia con modalit\u00e0 di comunicazione tradizionali che elettroniche (es. newsletter, sms, posta, contatti telefonici,) svolto per comunicazioni divulgative, conoscitive, e promozionali circa le attivit\u00e0 del Titolare del trattamento; 2. finalit\u00e0 di ricerche\/analisi statistiche su dati aggregati o anonimi, senza dunque possibilit\u00e0 di identificare l\u2019utente, volti a misurare il funzionamento del Sito, misurare il traffico e valutare usabilit\u00e0 e interesse; 3. finalit\u00e0 relative all\u2019adempimento di un obbligo legale al quale il titolare e\u0300 soggetto; 4. finalit\u00e0 necessarie ad accertare, esercitare o difendere un diritto in sede giudiziaria o ogniqualvolta le autorit\u00e0 giurisdizionali esercitino le loro funzioni giurisdizionali; 5.\u00a0rispondere a richieste di assistenza o di informazioni, ricevute via e-mail o tramite la compilazione di appositi form; 6.consentire la navigazione, la consultazione del sito web, fornire i servizi richiesti e verificarne la qualit\u00e0.<\/p>\n<p>La base legale del trattamento di dati personali per le finalit\u00e0 descritte al punto 1 pu\u00f2 essere<strong>\u00a0<\/strong>il consenso espresso dall\u2019Interessato. La finalit\u00e0 al punto 2 non comporta non comporta il trattamento di dati personali, mentre le finalit\u00e0 di cui ai punti 3) e 4) rappresentano un trattamento legittimo di dati personali ai sensi della normativa applicabile in quanto, una volta conferiti i dati personali, il trattamento \u00e8 invero necessario per adempiere ad un obbligo di legge a cui il Titolare \u00e8 soggetto o ad esercitare il suo diritto di difesa in giudizio.Per le finalit\u00e0 5. e 6. la base giuridica \u00e8 l&#8217;esecuzione del contratto di cui l&#8217;interessato \u00e8 parte o l&#8217;esecuzione di misure precontrattuali su richiesta dello stesso.<\/p>\n<p>Il conferimento dei tuoi dati personali per la finalit\u00e0 sopra elencate \u00e8 facoltativo, ma il loro eventuale mancato conferimento potrebbe rendere impossibile riscontrare una tua richiesta o adempiere ad un obbligo legale a cui il Titolare potrebbe essere soggetto.<\/p>\n<ol start=\"5\">\n<li><strong><u>Destinatari<\/u><\/strong><\/li>\n<\/ol>\n<p>Oltre che ai soggetti eventualmente gi\u00e0 menzionati nella descrizione delle finalit\u00e0 del trattamento, i dati personali potranno essere comunicati alle seguenti categorie di persone fisiche o giuridiche, in qualit\u00e0 di soggetti coinvolti nel trattamento, ovvero come soggetti la cui conoscenza dei dati \u00e8 richiesta per il perseguimento delle finalit\u00e0 indicate, ovvero di Autorit\u00e0 alle richieste motivate delle quali \u00e8 obbligatorio fornire risposta. Tali soggetti tratteranno i dati nella loro qualit\u00e0 di autonomi Titolari del trattamento: 1. soggetti necessari per l\u2019erogazione dei servizi offerti dal Sito tra cui a titolo esemplificativo l\u2019invio di e-mail e l\u2019analisi del funzionamento del Sito che agiscono tipicamente in qualit\u00e0 di Responsabili del trattamento del Titolare; 2. persone autorizzate dal Titolare al trattamento dei dati personali che si siano impegnate alla riservatezza o abbiano un adeguato obbligo legale di riservatezza (es. collaboratori del Titolare); 3. autorit\u00e0 giurisdizionali nell\u2019esercizio delle loro funzioni quando richiesto dalla normativa applicabile.\u00a0<\/p>\n<ol start=\"6\">\n<li><strong><u>Trasferimenti<\/u><\/strong><\/li>\n<\/ol>\n<p>Il trattamento e la conservazione in archivi cartacei, informatici e telematici potranno avvenire presso le sedi operative del Titolare del trattamento o in ogni altro luogo in cui le parti coinvolte nel trattamento siano localizzate. I dati trattati con l\u2019ausilio di piattaforme, spazi virtuali o applicativi sviluppati ad esempio da fornitori operanti su scala internazionale (es. Google, Microsoft, Dropbox) o di fornitori operanti comunque al di fuori della Repubblica Italiana, potranno essere conservati anche presso le sedi di questi ultimi, anche al di fuori del territorio dell\u2019Unione Europea.<\/p>\n<p>Laddove risultasse necessario o opportuno il trasferimento dei dati a soggetti localizzati presso un Paese terzo o a un\u2019organizzazione internazionale, tali trasferimenti saranno effettuati:\u00a0<strong>1)\u00a0<\/strong>Nel rispetto delle decisioni di adeguatezza;\u00a0<strong>2)<\/strong>\u00a0Nel rispetto delle garanzie adeguate applicabili;\u00a0<strong>3)<\/strong>\u00a0Nel rispetto delle norme vincolanti d\u2019impresa se presenti.<\/p>\n<p>\u00a0<\/p>\n<ol start=\"7\">\n<li><strong><u>Periodo di conservazione dei dati<\/u><\/strong><\/li>\n<\/ol>\n<p>I dati personali saranno conservati fino a che necessari rispetto alle legittime finalit\u00e0 per le quali sono stati raccolti, a meno che non venga espressa la volont\u00e0 di rimuoverli, e fatte in questo caso salve le necessit\u00e0 da parte del Titolare del trattamento in relazione a quei dati il cui trattamento o la cui conservazione siano previsti da obblighi di legge o interessi specifici, o i casi in cui la rimozione dei contenuti non sia possibile o comporti uno sforzo sproporzionato per il Titolare del trattamento.\u00a0<\/p>\n<p>In particolare, il tempo massimo di conservazione \u00e8 individuato con i seguenti criteri:\u00a0<strong>1)<\/strong>\u00a0Termine del rapporto precontrattuale o contrattuale, e del periodo successivo nel quale sono possibili effetti \/ obblighi \/ adempimenti che presuppongono la corretta conservazione dei Dati. <strong>2)<\/strong>\u00a0Termine del periodo entro il quale pu\u00f2 risultare necessario l\u2019adempimento da parte del Titolare del trattamento ad un obbligo legale;\u00a0<strong>3)<\/strong>\u00a0Termine del periodo entro il quale il Titolare pu\u00f2 perseguire un proprio interesse legittimo. \u00c8 fatto comunque salvo l\u2019obbligo per lo stesso Titolare del trattamento di dare informazioni all\u2019Interessato in caso di richiesta.\u00a0\u00a0<\/p>\n<ol start=\"8\">\n<li><strong><u>I tuoi diritti<\/u><\/strong><\/li>\n<\/ol>\n<p>Per garantire il trattamento corretto e trasparente dei dati personali, il Titolare del trattamento garantisce all\u2019Interessato, previa comunicazione ai recapiti sopra indicati e secondo quanto nelle proprie possibilit\u00e0, di esercitare:<\/p>\n<p><strong>1)<\/strong>\u00a0Il diritto di ottenere la conferma dell\u2019esistenza o meno di dati personali che lo riguardano, anche se non ancora registrati, e la loro comunicazione in forma intelligibile;<\/p>\n<p><strong>2)<\/strong>\u00a0Il diritto dell\u2019Interessato di chiedere al Titolare del trattamento l\u2019accesso ai dati personali che lo riguardano;<\/p>\n<p><strong>3)<\/strong>\u00a0Il diritto di ottenere dal Titolare del trattamento la rettifica dei dati personali inesatti che lo riguardano senza ingiustificato ritardo;<\/p>\n<p><strong>4)\u00a0<\/strong>Il diritto di ottenere dal Titolare del trattamento la cancellazione dei dati personali che lo riguardano senza ingiustificato ritardo, nel caso in cui non siano pi\u00f9 necessari per le finalit\u00e0 del trattamento o se questo si assuma come illecito, sempre che ne sussistano le condizioni previste per legge e comunque salvi i casi in cui il trattamento non sia giustificato da un altro motivo ugualmente legittimo;<\/p>\n<p><strong>5)\u00a0<\/strong>Il diritto di ottenere dal Titolare del trattamento, laddove ne sia contestata l\u2019esattezza, la limitazione dello stesso per il periodo necessario al Titolare del trattamento per effettuare le opportune verifiche;<\/p>\n<p><strong>6)<\/strong>\u00a0Il diritto di ricevere in un formato strutturato, di uso comune e leggibile da dispositivo automatico i dati personali che lo riguardano e il diritto di trasmettere tali dati a un altro Titolare del trattamento senza impedimenti da parte del Titolare del trattamento cui li ha forniti, nei casi previsti dall\u2019art. 20 del GDPR, e il diritto di ottenere la trasmissione diretta dei dati personali da un Titolare del trattamento all\u2019altro, se tecnicamente fattibile e comportante uno sforzo non sproporzionato;<\/p>\n<p><strong>7)<\/strong>\u00a0Il diritto di revocare il consenso al trattamento dei propri dati personali precedentemente espresso, [qualora il trattamento sia basato sull\u2019articolo 6, paragrafo 1, lettera a), oppure sull\u2019articolo 9, paragrafo 2, lettera a)] in qualsiasi momento senza pregiudicare la liceit\u00e0 del trattamento basata sul consenso prestato prima della revoca e salvo il caso in cui il trattamento sia lecito per altre basi o condizioni giuridiche;<\/p>\n<p><strong>8)<\/strong>\u00a0Il diritto di opporsi, per motivi connessi alla sua situazione particolare, al trattamento dei dati personali che lo riguardano ai sensi dell\u2019articolo 6, paragrafo 1, lettere e) o f), compresa la profilazione sulla base di tali disposizioni. In tal caso, il Titolare del trattamento si astiene dal trattare ulteriormente i dati personali salvo che dimostri l\u2019esistenza di motivi legittimi per procedere al trattamento che prevalgano sugli interessi, sui diritti e sulle libert\u00e0 dell\u2019Interessato, oppure la necessit\u00e0 di protrarre il trattamento per consentire l\u2019accertamento, l\u2019esercizio o la difesa di un diritto in sede giudiziaria.<\/p>\n<p><strong>9)<\/strong>\u00a0Il diritto di proporre reclamo ad un\u2019Autorit\u00e0 di controllo, i cui dati di contatto sono rinvenibili per l\u2019Italia al sito web\u00a0<a href=\"http:\/\/www.garanteprivacy.it\/\">www.garanteprivacy.it<\/a><\/p>\n<p>\u00a0<\/p>\n<p>\u00a0Le richieste vanno rivolte via e-mail all\u2019indirizzo\u00a0: ufficio@itotech.it<\/p>\n<ol start=\"9\">\n<li><strong><u>Modifiche<\/u><\/strong><\/li>\n<\/ol>\n<p>La presente informativa \u00e8 redatta in aderenza alle indicazioni di cui al GDPR. Una versione tempo per tempo aggiornata \u00e8 resa disponibile presso il sito web del Titolare del trattamento.<\/p>\n<p>\u00a0<\/p>\n<p>*****************************<\/p>\n<p><strong>Cookie Policy<\/strong><\/p>\n<p>La presente informativa \u00e8 resa daITO SRL, Titolare del trattamento, in relazione al sito web: <a href=\"https:\/\/www.itotech.it\/\">www.itotech.it<\/a>.<\/p>\n<p>La presente Cookie Policy \u00e8 parte integrante della Privacy Policy. Una versione aggiornata del presente documento rimarr\u00e0 liberamente consultabile sul sito web, si invitano pertanto gli utenti a visitare periodicamente la relativa pagina web.<\/p>\n<ol>\n<li><strong> <u>Cosa sono e a cosa servono i \u201ccookie\u201d<\/u><\/strong><\/li>\n<\/ol>\n<p>I cookie sono informazioni (piccole stringhe di testo) immesse sul browser dell\u2019utente quando viene visitato un sito web. Svolgono diverse e importanti funzioni nell&#8217;ambito della rete, connesse ad esempio alla corretta fruizione del sito e delle sue funzionalit\u00e0, al monitoraggio di sessioni o di pagine consultate, alla memorizzazione di informazioni su specifiche configurazioni riguardanti gli utenti che accedono, alla memorizzazione delle preferenze.\u00a0<\/p>\n<p>Vi sono differenti tipologie di cookie che, a seconda delle loro caratteristiche e funzioni, potrebbero persistere sul tuo dispositivo per diversi periodi di tempo: i cosiddetti cookie di sessione, che sono automaticamente cancellati quando chiudi il browser, e i cosiddetti cookie persistenti, che rimangono sul tuo dispositivo fino ad un tempo prestabilito.<\/p>\n<p>In linea con la normativa applicabile, il tuo preventivo consenso per l\u2019uso dei cookie non \u00e8 sempre richiesto. In particolare, tale consenso non \u00e8 richiesto per i \u201ccookie tecnici\u201d, es. quelli usati per il solo scopo di trasportare una comunicazione attraverso una rete di comunicazione elettronica, o strettamente necessari per fornire un servizio espressamente richiesto dall\u2019utente. In altre parole, i cookie che sono indispensabili\u00a0per l\u2019operativit\u00e0 di un sito.<\/p>\n<p>Il tuo preventivo consenso \u00e8 invece richiesto per i cookie \u201canalitici\u201d non anonimizzati e per i cookie di profilazione, es. quelli che forniscono analisi statistiche sull\u2019utilizzo di un sito web o che creano profili di utenti per inviargli messaggi pubblicitari in linea con le preferenze che hanno espresso durante la navigazione.<\/p>\n<ol start=\"2\">\n<li><strong> <u>Tipi di cookie usati dal Sito e possibilit\u00e0 di de-selezione<\/u><\/strong><\/li>\n<\/ol>\n<p>Durante la navigazione del Sito, riceverai i seguenti cookie:<\/p>\n<p>\u00a0<\/p>\n<p><strong>&#8211; Cookie tecnici<\/strong> per la cui installazione non \u00e8 richiesto alcun consenso da parte dell\u2019utente.\u00a0<\/p>\n<p>I cookie tecnici si suddividono in: 1. Cookie di navigazione o di sessione: fondamentali per permettere all\u2019utente di muoversi normalmente all\u2019interno del nostro Sito. Non essendo memorizzati sul computer dell\u2019utente, svaniscono con la chiusura del\u00a0browser; 2. Cookie di funzionalit\u00e0: unicamente finalizzati a migliorare e velocizzare la navigazione sul Sito, attraverso la memorizzazione di determinate scelte effettuate dall\u2019utente nel corso del primo o dei successivi accessi al Sito; 3. Cookie analitici: utilizzati dal gestore del sito per raccogliere informazioni sugli utenti che lo visitano; 4. Social Cookie: utilizzati per consentire l\u2019interazione con\u00a0social network.<\/p>\n<p>\u00a0<\/p>\n<p>&#8211; <strong>Cookie di terze parti<\/strong>, cio\u00e8 cookie provenienti da siti o server di terze parti diverse e quindi differenti da quelli utilizzati da questo sito. Tieni presente che queste terze parti, elencate di seguito con i collegamenti corrispondenti alle loro privacy policy e ai meccanismi di opt-out, trattano i tuoi Dati Personali in qualit\u00e0 di responsabili del trattamento. Tali terze parti infatti hanno firmato accordi per il trattamento dei dati con il gestore del sito e i cookie sono stati anonimizzati mediante mascheramento degli indirizzi IP.<\/p>\n<p>Per vedere come Google usa i dati personali quando viene prestato il consenso su <a href=\"https:\/\/www.itotech.it\/\">www.itotech.it<\/a>fare click al seguente link: Google&#8217;s Privacy &amp; Terms site (1)<\/p>\n<p>\u00a0<\/p>\n<p>Alcuni cookies di terze parti sono utilizzati per calcolare le statistiche degli accessi e della navigazione su <a href=\"https:\/\/www.itotech.it\/\">www.itotech.it<\/a> (ad esempio il numero dei visitatori giornalieri, il numero delle pagine viste, la durata di tali visite,ecc. &#8230;).<\/p>\n<p>\u00a0<\/p>\n<p>Tali cookies sono messi a disposizione e gestiti da Google Inc. tramite il servizio Google Analytics, che utilizza dei cookies che vengono depositati sul browser dell&#8217;Utente, allo scopo di consentire a <a href=\"https:\/\/www.itotech.it\/\">www.itotech.it<\/a>di analizzare come gli Utenti navigano all&#8217;interno del Sito.<\/p>\n<p>\u00a0<\/p>\n<p>Le informazioni generate dai cookies sull&#8217;utilizzo di<a href=\"https:\/\/www.itotech.it\/\">www.itotech.it<\/a>da parte degli utenti, opportunamente anonimizzate, verranno trasmesse e depositate presso i server di Google, che utilizzer\u00e0 queste informazioni allo scopo di tracciare ed esaminare l&#8217;utilizzo dei Sito Web da parte degli utenti, compilare report sulle attivit\u00e0 dei visitatori all&#8217;interno di<a href=\"https:\/\/www.itotech.it\/\">www.itotech.it<\/a><\/p>\n<ol start=\"3\">\n<li><br \/><strong> <u>Come visualizzare e modificare i cookie tramite browser<\/u><\/strong><\/li>\n<\/ol>\n<p>Puoi autorizzare, bloccare o eliminare (in tutto o in parte) i cookie attraverso le funzioni specifiche del tuo browser o attraverso componenti aggiuntive di terze parti. Tuttavia, la disattivazione dei cookie tecnici del Sito potrebbe comportare che alcuni servizi o funzionalit\u00e0 dello stesso non saranno disponibili o potrebbero non funzionare correttamente e potresti essere costretto a modificare o immettere manualmente alcune informazioni o ad ogni visita.<\/p>\n<p>Ciascun browser presenta procedure diverse per la gestione delle impostazioni.\u00a0<\/p>\n<p>&#8211; <em>Microsoft Internet Explorer: <\/em>Cliccare l\u2019icona &#8216;Strumenti&#8217; nell\u2019angolo in alto a destra e selezionare &#8216;Opzioni internet\u2019. Nella finestra pop up selezionare &#8216;Privacy&#8217;. Qui potrai regolare le impostazioni dei vostri cookie.<\/p>\n<p>&#8211; <em>Google Chrome: <\/em>Cliccare sul pulsante a 3 puntini in alto a destra e selezionare &#8216;Impostazioni&#8217;. A questo punto selezionare &#8220;Privacy e Sicurezza&#8221; e cambiare le impostazioni relative ai cookie.\u00a0<\/p>\n<p>&#8211; <em>Mozilla Firefox:\u00a0<\/em>Dal menu a tendina nell\u2019angolo in alto a sinistra selezionare &#8216;Opzioni&#8217;. Nella finestra di pop up selezionare &#8216;Privacy&#8217;. Qui potrai regolare le impostazioni dei tuoi cookie.\u00a0<\/p>\n<p>\u00a0<\/p>\n<ol start=\"4\">\n<li><strong> <u>Siti di terze parti<\/u><\/strong><\/li>\n<\/ol>\n<p>\u00a0<\/p>\n<p>I siti di terze parti a cui \u00e8 possibile accedere tramite questo sito web non sono coperti dalla presente informativa. Il titolare declina ogni responsabilit\u00e0 in merito ad essi. Le categorie di cookie utilizzate e il tipo di trattamento di dati personali da parte di queste aziende sono regolati in conformit\u00e0 all&#8217;informativa rese da queste aziende.\u00a0<\/p>\n<p><br \/><br \/><\/p>\n<p>1 https:\/\/policies.google.com\/technologies\/partner-sites<\/p>\t\t\t\t\t\t\t\t<\/div>\n\t\t\t\t<\/div>\n\t\t\t\t\t<\/div>\n\t\t<\/div>\n\t\t\t\t\t<\/div>\n\t\t<\/section>\n\t\t\t\t<\/div>\n\t\t","protected":false},"excerpt":{"rendered":"<p>Privacy Policy ITO SRL (qui di seguito solo \u201cTitolare\u201d), in qualit\u00e0 di titolare del trattamento dei dati personali ai sensi della normativa [&hellip;]<\/p>\n","protected":false},"author":1,"featured_media":0,"parent":0,"menu_order":0,"comment_status":"closed","ping_status":"open","template":"","meta":{"footnotes":""},"class_list":["post-3","page","type-page","status-publish","hentry"],"_links":{"self":[{"href":"https:\/\/www.itotech.it\/index.php\/wp-json\/wp\/v2\/pages\/3","targetHints":{"allow":["GET"]}}],"collection":[{"href":"https:\/\/www.itotech.it\/index.php\/wp-json\/wp\/v2\/pages"}],"about":[{"href":"https:\/\/www.itotech.it\/index.php\/wp-json\/wp\/v2\/types\/page"}],"author":[{"embeddable":true,"href":"https:\/\/www.itotech.it\/index.php\/wp-json\/wp\/v2\/users\/1"}],"replies":[{"embeddable":true,"href":"https:\/\/www.itotech.it\/index.php\/wp-json\/wp\/v2\/comments?post=3"}],"version-history":[{"count":8,"href":"https:\/\/www.itotech.it\/index.php\/wp-json\/wp\/v2\/pages\/3\/revisions"}],"predecessor-version":[{"id":1369,"href":"https:\/\/www.itotech.it\/index.php\/wp-json\/wp\/v2\/pages\/3\/revisions\/1369"}],"wp:attachment":[{"href":"https:\/\/www.itotech.it\/index.php\/wp-json\/wp\/v2\/media?parent=3"}],"curies":[{"name":"wp","href":"https:\/\/api.w.org\/{rel}","templated":true}]}}